). Suppose 17*o - 12*o = m. Suppose 2*i = -l + 2227, 3*i = -0*i + o*l + 3323. Is i composite?
True
Let i(w) = 408*w**2 - 5 - 409*w**2 - 4*w - 4*w - 5*w**3. Is i(-5) a composite number?
True
Let z(f) = -f**2 + 6*f + 2. Let b(i) = i**3 + 9*i**2 + 8*i + 6. Let y be b(-8). Let h be z(y). Suppose 3*o = -4*t + 880, 4 = -o + h*o. Is t composite?
True
Let o(j) = -2*j + 77. Let k be o(0). Suppose -k = -b - 545. Let c = -215 - b. Is c a prime number?
False
Suppose -j + 1471 = -0*x + 5*x, 5*x + 7355 = 5*j. Is j prime?
True
Is -54111*4/(-3 - 9) a prime number?
False
Suppose 11*z = 6*z + 106680. Is z/20 + (-3)/(-15) a prime number?
False
Is 44241/27 + -2 - 36/(-81) prime?
True
Let v(h) = 26*h + 1. Let u(f) = -f**3 - 5*f**2 - 4*f + 5. Let o be u(-4). Suppose 0*k = o*k - 15. Is v(k) a prime number?
True
Suppose -2505 = -57*v + 60*v. Let c = v + 2250. Is c a prime number?
False
Let o(q) = 80*q + 2417. Is o(0) prime?
True
Suppose 0 = -j + 4728 + 5063. Is j a composite number?
False
Suppose -4*c + 1130 = 350. Let r be (-55)/(-44) + (-3)/(-4). Suppose -5*s + c = -r*s. Is s a composite number?
True
Suppose -50*j + 9328 = -46*j - p, -5*j = p - 11669. Is j composite?
False
Suppose -10 = 4*i - 3*i - 2*w, 100 = -4*i - 4*w. Let x = i - -33. Is 26/((-37)/x + 3) composite?
True
Suppose -i = i + 4*p + 34, 3*i + 57 = -4*p. Let r = -21 - i. Suppose -r*s = -6*s + 536. Is s a composite number?
True
Suppose -3*z - 11 = 5*u - z, -5 = -4*u + 3*z. Is 1661/4 + u/4 a composite number?
True
Let b(p) = 7*p + 37. Let h be b(-5). Suppose h*v + 4*u - 2590 = 0, v + v - 5*u = 2572. Is v composite?
False
Suppose -3*d - 12 = 2*g, 0 = -3*g - 0*d + 2*d + 8. Let f(n) be the first derivative of -n**3/3 - n**2 + 521*n - 8. Is f(g) prime?
True
Suppose 5948 = 5*w - k, -6*k + k + 3580 = 3*w. Suppose -m = -0*u - 3*u + w, -4*m + 798 = 2*u. Is u a prime number?
True
Suppose -d - 2 = 4*s - 60, 0 = -4*d + 3*s + 232. Let z = d - -136. Is z composite?
True
Let y be (2/4)/((-13)/(-806)). Let c(x) = y + 16*x + 1 - 19. Is c(5) a prime number?
False
Suppose 12*n = 11*n + 1009. Is n a prime number?
True
Let w(j) = 6*j**3 - 2*j + 5. Let q(o) = 6*o**3 - 2*o + 4. Let y(t) = -6*q(t) + 5*w(t). Let c be y(-1). Let m = c + 44. Is m a composite number?
True
Let u(n) = 2*n**3 + 20*n**2 - 59*n + 75. Is u(26) composite?
True
Let d(n) = 4*n - 24. Let s be d(7). Suppose -5*j = -c + s*c - 1301, 1038 = 4*j + c. Is j prime?
False
Suppose c + 4*c = 20. Suppose c*x - 9*x + 1175 = 0. Is x composite?
True
Suppose 3*r + 0*c - c - 8 = 0, -5*c = 5*r - 20. Suppose 18535 = -r*m + 14*m. Is m composite?
True
Let m = -48 + 53. Suppose -4*b + 2*b = 3*z - 313, -b + 160 = m*z. Is b a prime number?
False
Suppose 5*m = -3*j + 495555, 4*m = -m - 2*j + 495555. Is m prime?
False
Suppose -r = -3*r + 100. Let o = r - -69. Is o a composite number?
True
Let b = -31 + 11. Let w = -17 - b. Suppose 124 = w*h - 113. Is h composite?
False
Suppose 5*k + 8 = i + 2*k, -k - 3 = 0. Is 2 - (4 - 345) - i*3 composite?
True
Let x(t) be the third derivative of 1361*t**4/8 - 27*t**2. Is x(1) a prime number?
False
Let y(q) = q**3 - 8*q**2 - q + 10. Let o be 8/(2*3/6). Let z be y(o). Is (-3)/6*(-180 + z) composite?
False
Let q(l) = 10399*l**2 - 2. Is q(-1) a prime number?
False
Suppose -233*i = -257*i + 35160. Is i a composite number?
True
Suppose -229*b + 226*b - 3*n + 23358 = 0, -31162 = -4*b + 2*n. Is b a composite number?
False
Let b(o) = 11*o + 46. Let z be b(-4). Is (3 - z) + (-2558)/(-1) prime?
False
Let h = -9 + 44. Suppose 4*m - h = 2*m + 5*r, 0 = -2*m - 5*r - 15. Suppose 5*z - z = -m*t + 147, 0 = -3*t + 4*z + 101. Is t a prime number?
True
Let n(u) = -1481*u**3 + 5*u**2 + 3*u + 1. Is n(-2) a composite number?
False
Let g = 204 - -113. Let v = g + -8. Suppose -2*q + v = q. Is q composite?
False
Suppose -12 = 2*g + 5*a, -g - a - 3 - 3 = 0. Let y(o) = -6*o**3 - o**2 - 9*o - 21. Is y(g) a prime number?
False
Suppose -11*d + 154082 - 841 = 0. Is d composite?
False
Suppose 2*c + w - 963 = -4*w, 4*w - 1427 = -3*c. Is c a composite number?
True
Let d = 31 + -24. Suppose d*s = -340 + 2657. Is s a prime number?
True
Suppose -240*p + 231*p = -151839. Is p a composite number?
False
Let s(p) be the second derivative of 1/2*p**2 - 13/4*p**5 + 0*p**4 + 4*p + 1/6*p**3 + 0. Is s(-1) a prime number?
False
Suppose 0 = -3*m + 6*m - 6. Suppose -m*w - 175 = -7*w. Is w prime?
False
Suppose -14 - 1 = -3*b. Suppose b*z - 728 = 3987. Is z a prime number?
False
Let k(r) = 105*r**2 + 1. Let g(y) = -105*y**2 - 1. Let a(t) = -6*g(t) - 5*k(t). Let m be (-2)/4*(-2)/1. Is a(m) prime?
False
Let d be 9 + 138 - -2*(1 + 1). Let x = d + 1218. Is x a prime number?
False
Let r(i) = 94*i**3 - 2*i**2 + i. Suppose -3*g + 2*x + 2*x + 11 = 0, 5*g - 23 = 2*x. Suppose 0 = g*l - 3*v + 10, 2*v - 12 = -4*l + 2. Is r(l) a prime number?
False
Let r(p) = 236*p**2 - 5*p + 2. Is r(3) a prime number?
True
Let h be 0*(0 - (1 + -2)). Is 3*(2/3 + h) + 143 prime?
False
Suppose -5*c + 62 = 22. Suppose -p + 269 = -c. Is p a prime number?
True
Let r(o) = 3*o**3 - 20*o**2 - 18*o - 111. Is r(24) a prime number?
False
Let v = -1 + -4. Let t be 14/6 + v/15. Is ((-3)/t)/(1/(-14)) composite?
True
Suppose -5*n + 27025 = 5*s, -2*n - s + 12309 - 1497 = 0. Is n a composite number?
False
Let v = 86888 - 60549. Is v prime?
True
Suppose -42*x + 40*x = -46286. Is x composite?
False
Let y = 1668 + -817. Is y prime?
False
Let j be (-1)/(-3) - (-1)/(-3) - -4631. Let r = j - 2346. Is r a prime number?
False
Let b(d) = -4*d**3 - 30*d**2 + 11*d - 41. Is b(-12) prime?
False
Let l = -144826 + 235039. Is l a composite number?
True
Suppose -w + 5*o = -247, -753 = -3*w + o + 2*o. Suppose 0 = -6*m + 1014 + w. Is m prime?
True
Is (-1)/(-2) - ((-5996)/8 + 1) a composite number?
True
Let t(i) = 9*i**3 - 7*i**2 + 8*i + 13. Suppose 4*s - 38 = -2*y, 0*s + 21 = 3*s - y. Is t(s) prime?
False
Let y(k) = k**3 - 7*k**2. Let p be y(7). Suppose -3*h + 0*h + 21 = p. Let i(x) = -x**2 + 9*x - 8. Is i(h) composite?
True
Is -4 + 3871 + -3 + -1 a prime number?
True
Let n be 2/(-8) + (-68)/(-16). Let u be -2110*(-6)/10*8/12. Suppose -n*z = -0*z - u. Is z a composite number?
False
Let u(h) = 20*h**2 + 16*h - 49. Let l(p) = 10*p**2 + 8*p - 25. Let g(n) = 5*l(n) - 2*u(n). Is g(8) a prime number?
True
Suppose -5*l + 7*l - a + 135 = 0, 5*l + 2*a = -315. Let s = l + 87. Is s a composite number?
True
Is (-200)/(-16)*(-46)/(-5) prime?
False
Let i(k) = 2*k**3 - 13*k**2 + 15*k - 5. Is i(7) prime?
True
Let r(n) = 26*n**2 - 5. Let p be r(-2). Let s = p + -50. Is s a prime number?
False
Suppose -17*u + 21*u = 13004. Is u prime?
True
Let k(n) = 30*n**2 + 2*n - 5. Suppose -20*j = -15*j + 20. Is k(j) composite?
False
Suppose -3*n - 2*n = -3*r - 9667, n - 4*r = 1947. Is n a prime number?
True
Let f(u) = 3*u**3 - 29*u**2 + 7*u + 23. Let c(g) = g**3 - 10*g**2 + 2*g + 8. Let v(j) = 8*c(j) - 3*f(j). Let q be v(5). Let y = q - -111. Is y prime?
True
Let w(y) = 3*y**2 - 21*y + 7. Is w(-26) prime?
False
Suppose -3*w + 5585 = 5*z, -5*z - 5*w - 3286 = -8871. Is z prime?
True
Let l(k) = 37*k**2 + 3*k - 1. Let d be l(2). Suppose -2149 = -2*w + d. Is w a composite number?
False
Let y(f) = -2*f - 5*f + 9*f + 65. Is y(0) a composite number?
True
Suppose 0*m - 2*z + 7057 = 3*m, -4*m + 9401 = z. Suppose 0 = -13*n + m - 698. Is n a composite number?
False
Suppose -3*h + 0*h + 9613 = 2*g, 6415 = 2*h - 5*g. Is h composite?
True
Let n = 1116 + -1694. Let h = 367 - -846. Let b = h + n. Is b prime?
False
Let g(m) = 4*m**3 + 10*m**2 + 10*m + 7. Is g(10) composite?
False
Let u = -10 + 0. Let v = -25 + 45. Is (284/u)/((-4)/v) composite?
True
Let x = 122299 - 80706. Is x a composite number?
False
Let n be 66/14 - (-32)/112. Suppose 0*x - n*x = -1800. Suppose c + 22 = 5*i - 368, -5*i - 5*c + x = 0. Is i composite?
True
Let q be -3*11*(-7 - -4). Let r = q - -40. Is r a composite number?
False
Let x(u) = -u + 18. Let p be x(15). Is (-8)/p*36/(-16) prime?
False
Suppose -21*c - 5254 + 48325 = 0. Is c a composite number?
True
Let f = -26 + 29. Let z be f - 3/(2 - 1). Suppose z = -a - a + 670. Is a prime?
False
Let p be -2 - -6 - 0/(-5). Suppose -5*o - 20 = 3*s - 0*o, -5*s + p*o + 16 = 0. Suppose -d + s*d = -763. Is d composite?
True
Let j(h) = -41*h**2 - 3*h - 3. Let y be j(-3). Let b be (8/6)/((-11)/y). I